{"id":11119,"date":"2025-03-05T16:04:33","date_gmt":"2025-03-05T15:04:33","guid":{"rendered":"https:\/\/www.maltech.ch\/wettbewerb-bsc-young-boys\/"},"modified":"2026-04-27T17:10:57","modified_gmt":"2026-04-27T15:10:57","slug":"mateco-family-day","status":"publish","type":"page","link":"https:\/\/www.mateco.ch\/fr\/mateco-family-day\/","title":{"rendered":"mateco Family-Day"},"content":{"rendered":"  <div class=\"hero-swiper swiper half-height swiper-maltech-style\">\n    <div class=\"swiper-wrapper\">\n\t\t\t        <div class=\"swiper-slide animated-swiper-text swiper-slide-active\">\n\t\t\t\t\t<img width=\"2400\" height=\"1350\" src=\"https:\/\/www.mateco.ch\/wp-content\/uploads\/2026\/04\/maltech-Anmeldung_2400x1350px_rot.jpg\" class=\"w-full h-full object-cover\" alt=\"\" loading=\"eager\" decoding=\"async\" fetchpriority=\"high\" srcset=\"https:\/\/www.mateco.ch\/wp-content\/uploads\/2026\/04\/maltech-Anmeldung_2400x1350px_rot.jpg 2400w, https:\/\/www.mateco.ch\/wp-content\/uploads\/2026\/04\/maltech-Anmeldung_2400x1350px_rot-300x169.jpg 300w, https:\/\/www.mateco.ch\/wp-content\/uploads\/2026\/04\/maltech-Anmeldung_2400x1350px_rot-768x432.jpg 768w, https:\/\/www.mateco.ch\/wp-content\/uploads\/2026\/04\/maltech-Anmeldung_2400x1350px_rot-1024x576.jpg 1024w, https:\/\/www.mateco.ch\/wp-content\/uploads\/2026\/04\/maltech-Anmeldung_2400x1350px_rot-1536x864.jpg 1536w, https:\/\/www.mateco.ch\/wp-content\/uploads\/2026\/04\/maltech-Anmeldung_2400x1350px_rot-2048x1152.jpg 2048w\" sizes=\"(max-width: 2400px) 100vw, 2400px\" \/>\n          <div class=\"padding-container\">\n\t          <div class=\"m-0 w-md-75\">\n\t\t          \n\t\t          \n\t\t         <div class=\"animated-heading\" data-animate=\"bottom\">\n\t\t\t                      <\/div>\n            <\/div>\n          <\/div>\n\n        <\/div>\n\t\t\t    <\/div>\n\t\t  <\/div>\n\n\n<div class=\"container\">\n  <div id=\"form-anker\"><\/div>\n\n\t<h1 class=\"h2\">mateco Family-Day<\/h1>\n\n\t    <div class=\"rich-text to-remove\">\n\t\t\t<p>Un moment particulier approche : le 1er septembre, mateco deviendra mateco. Nous souhaitons c\u00e9l\u00e9brer cette occasion avec vous. C\u2019est pourquoi le 22 ao\u00fbt, notre site de H\u00e4rkingen se transformera en un lieu de f\u00eate avec des animations pour les petits comme pour les grands. R\u00e9jouissez-vous d\u2019une f\u00eate d\u00e9contract\u00e9e, riche en exp\u00e9riences et en surprises. Venez nous rejoindre en famille ou entre coll\u00e8gues, pour une journ\u00e9e de partage qui restera en m\u00e9moire.<\/p>\n<p>&nbsp;<\/p>\n<p><strong>Quand<\/strong><br \/>\nsamedi 22 ao\u00fbt 2026 de 14h00 \u00e0 21h00<\/p>\n<p class=\"p1\"><strong>O\u00f9<\/strong><br \/>\nmateco SA<br \/>\nRussmatten 30<br \/>\n4624 H\u00e4rkingen<\/p>\n<p class=\"p1\"><strong>Tenue<\/strong><br \/>\nCasual d\u2019\u00e9t\u00e9<\/p>\n    <\/div>\n\t\n\t    <div class=\"row mt-40\">\n      <div class=\"col\">\n        <div class=\"box-form bg-mateco_lightgrey p-40\">\n\t        <form action=\"https:\/\/www.mateco.ch\/fr\/wp-json\/ws-form\/v1\/submit\" class=\"wsf-form wsf-form-canvas\" id=\"ws-form-1\" data-id=\"32\" method=\"POST\" data-instance-id=\"1\"><\/form>        <\/div>\n      <\/div>\n    <\/div>\n  \n\t\n\n<\/div>","protected":false},"excerpt":{"rendered":"","protected":false},"author":1,"featured_media":13596,"parent":0,"menu_order":100,"comment_status":"closed","ping_status":"closed","template":"","meta":{"_acf_changed":false,"footnotes":""},"class_list":["post-11119","page","type-page","status-publish","has-post-thumbnail","hentry"],"acf":[],"yoast_head":"<title>mateco Family-Day - mateco AG<\/title>\n<meta name=\"description\" content=\"Inscription ou d\u00e9sinscription \u00e0 Mateco Family-Day\" \/>\n<meta name=\"robots\" content=\"index, follow, max-snippet:-1, max-image-preview:large, max-video-preview:-1\" \/>\n<link rel=\"canonical\" href=\"https:\/\/www.mateco.ch\/fr\/mateco-family-day\/\" \/>\n<meta property=\"og:locale\" content=\"fr_FR\" \/>\n<meta property=\"og:type\" content=\"article\" \/>\n<meta property=\"og:title\" content=\"mateco Family-Day - mateco AG\" \/>\n<meta property=\"og:description\" content=\"Inscription ou d\u00e9sinscription \u00e0 Mateco Family-Day\" \/>\n<meta property=\"og:url\" content=\"https:\/\/www.mateco.ch\/fr\/mateco-family-day\/\" \/>\n<meta property=\"og:site_name\" content=\"mateco AG\" \/>\n<meta property=\"article:modified_time\" content=\"2026-04-27T15:10:57+00:00\" \/>\n<meta property=\"og:image\" content=\"https:\/\/www.mateco.ch\/wp-content\/uploads\/2026\/04\/maltech-Anmeldung_2400x1350px_rot.jpg\" \/>\n\t<meta property=\"og:image:width\" content=\"2400\" \/>\n\t<meta property=\"og:image:height\" content=\"1350\" \/>\n\t<meta property=\"og:image:type\" content=\"image\/jpeg\" \/>\n<meta name=\"twitter:card\" content=\"summary_large_image\" \/>\n<script type=\"application\/ld+json\" class=\"yoast-schema-graph\">{\"@context\":\"https:\\\/\\\/schema.org\",\"@graph\":[{\"@type\":\"WebPage\",\"@id\":\"https:\\\/\\\/www.mateco.ch\\\/fr\\\/mateco-family-day\\\/\",\"url\":\"https:\\\/\\\/www.mateco.ch\\\/fr\\\/mateco-family-day\\\/\",\"name\":\"mateco Family-Day - mateco AG\",\"isPartOf\":{\"@id\":\"https:\\\/\\\/www.mateco.ch\\\/fr\\\/#website\"},\"primaryImageOfPage\":{\"@id\":\"https:\\\/\\\/www.mateco.ch\\\/fr\\\/mateco-family-day\\\/#primaryimage\"},\"image\":{\"@id\":\"https:\\\/\\\/www.mateco.ch\\\/fr\\\/mateco-family-day\\\/#primaryimage\"},\"thumbnailUrl\":\"https:\\\/\\\/www.mateco.ch\\\/wp-content\\\/uploads\\\/2026\\\/04\\\/maltech-Anmeldung_2400x1350px_rot.jpg\",\"datePublished\":\"2025-03-05T15:04:33+00:00\",\"dateModified\":\"2026-04-27T15:10:57+00:00\",\"description\":\"Inscription ou d\u00e9sinscription \u00e0 Mateco Family-Day\",\"breadcrumb\":{\"@id\":\"https:\\\/\\\/www.mateco.ch\\\/fr\\\/mateco-family-day\\\/#breadcrumb\"},\"inLanguage\":\"fr-FR\",\"potentialAction\":[{\"@type\":\"ReadAction\",\"target\":[\"https:\\\/\\\/www.mateco.ch\\\/fr\\\/mateco-family-day\\\/\"]}]},{\"@type\":\"ImageObject\",\"inLanguage\":\"fr-FR\",\"@id\":\"https:\\\/\\\/www.mateco.ch\\\/fr\\\/mateco-family-day\\\/#primaryimage\",\"url\":\"https:\\\/\\\/www.mateco.ch\\\/wp-content\\\/uploads\\\/2026\\\/04\\\/maltech-Anmeldung_2400x1350px_rot.jpg\",\"contentUrl\":\"https:\\\/\\\/www.mateco.ch\\\/wp-content\\\/uploads\\\/2026\\\/04\\\/maltech-Anmeldung_2400x1350px_rot.jpg\",\"width\":2400,\"height\":1350},{\"@type\":\"BreadcrumbList\",\"@id\":\"https:\\\/\\\/www.mateco.ch\\\/fr\\\/mateco-family-day\\\/#breadcrumb\",\"itemListElement\":[{\"@type\":\"ListItem\",\"position\":1,\"name\":\"Home\",\"item\":\"https:\\\/\\\/www.mateco.ch\\\/fr\\\/home\\\/\"},{\"@type\":\"ListItem\",\"position\":2,\"name\":\"mateco Family-Day\"}]},{\"@type\":\"WebSite\",\"@id\":\"https:\\\/\\\/www.mateco.ch\\\/fr\\\/#website\",\"url\":\"https:\\\/\\\/www.mateco.ch\\\/fr\\\/\",\"name\":\"mateco AG\",\"description\":\"Ihr kompetenter Partner  rund um Arbeitsb\u00fchnen\",\"publisher\":{\"@id\":\"https:\\\/\\\/www.mateco.ch\\\/fr\\\/#organization\"},\"potentialAction\":[{\"@type\":\"SearchAction\",\"target\":{\"@type\":\"EntryPoint\",\"urlTemplate\":\"https:\\\/\\\/www.mateco.ch\\\/fr\\\/?s={search_term_string}\"},\"query-input\":{\"@type\":\"PropertyValueSpecification\",\"valueRequired\":true,\"valueName\":\"search_term_string\"}}],\"inLanguage\":\"fr-FR\"},{\"@type\":\"Organization\",\"@id\":\"https:\\\/\\\/www.mateco.ch\\\/fr\\\/#organization\",\"name\":\"mateco AG\",\"url\":\"https:\\\/\\\/www.mateco.ch\\\/fr\\\/\",\"logo\":{\"@type\":\"ImageObject\",\"inLanguage\":\"fr-FR\",\"@id\":\"https:\\\/\\\/www.mateco.ch\\\/fr\\\/#\\\/schema\\\/logo\\\/image\\\/\",\"url\":\"https:\\\/\\\/www.mateco.ch\\\/wp-content\\\/uploads\\\/2026\\\/07\\\/mateco_logo-scaled.png\",\"contentUrl\":\"https:\\\/\\\/www.mateco.ch\\\/wp-content\\\/uploads\\\/2026\\\/07\\\/mateco_logo-scaled.png\",\"width\":2560,\"height\":653,\"caption\":\"mateco AG\"},\"image\":{\"@id\":\"https:\\\/\\\/www.mateco.ch\\\/fr\\\/#\\\/schema\\\/logo\\\/image\\\/\"}}]}<\/script>","yoast_head_json":{"title":"mateco Family-Day - mateco AG","description":"Inscription ou d\u00e9sinscription \u00e0 Mateco Family-Day","robots":{"index":"index","follow":"follow","max-snippet":"max-snippet:-1","max-image-preview":"max-image-preview:large","max-video-preview":"max-video-preview:-1"},"canonical":"https:\/\/www.mateco.ch\/fr\/mateco-family-day\/","og_locale":"fr_FR","og_type":"article","og_title":"mateco Family-Day - mateco AG","og_description":"Inscription ou d\u00e9sinscription \u00e0 Mateco Family-Day","og_url":"https:\/\/www.mateco.ch\/fr\/mateco-family-day\/","og_site_name":"mateco AG","article_modified_time":"2026-04-27T15:10:57+00:00","og_image":[{"width":2400,"height":1350,"url":"https:\/\/www.mateco.ch\/wp-content\/uploads\/2026\/04\/maltech-Anmeldung_2400x1350px_rot.jpg","type":"image\/jpeg"}],"twitter_card":"summary_large_image","schema":{"@context":"https:\/\/schema.org","@graph":[{"@type":"WebPage","@id":"https:\/\/www.mateco.ch\/fr\/mateco-family-day\/","url":"https:\/\/www.mateco.ch\/fr\/mateco-family-day\/","name":"mateco Family-Day - mateco AG","isPartOf":{"@id":"https:\/\/www.mateco.ch\/fr\/#website"},"primaryImageOfPage":{"@id":"https:\/\/www.mateco.ch\/fr\/mateco-family-day\/#primaryimage"},"image":{"@id":"https:\/\/www.mateco.ch\/fr\/mateco-family-day\/#primaryimage"},"thumbnailUrl":"https:\/\/www.mateco.ch\/wp-content\/uploads\/2026\/04\/maltech-Anmeldung_2400x1350px_rot.jpg","datePublished":"2025-03-05T15:04:33+00:00","dateModified":"2026-04-27T15:10:57+00:00","description":"Inscription ou d\u00e9sinscription \u00e0 Mateco Family-Day","breadcrumb":{"@id":"https:\/\/www.mateco.ch\/fr\/mateco-family-day\/#breadcrumb"},"inLanguage":"fr-FR","potentialAction":[{"@type":"ReadAction","target":["https:\/\/www.mateco.ch\/fr\/mateco-family-day\/"]}]},{"@type":"ImageObject","inLanguage":"fr-FR","@id":"https:\/\/www.mateco.ch\/fr\/mateco-family-day\/#primaryimage","url":"https:\/\/www.mateco.ch\/wp-content\/uploads\/2026\/04\/maltech-Anmeldung_2400x1350px_rot.jpg","contentUrl":"https:\/\/www.mateco.ch\/wp-content\/uploads\/2026\/04\/maltech-Anmeldung_2400x1350px_rot.jpg","width":2400,"height":1350},{"@type":"BreadcrumbList","@id":"https:\/\/www.mateco.ch\/fr\/mateco-family-day\/#breadcrumb","itemListElement":[{"@type":"ListItem","position":1,"name":"Home","item":"https:\/\/www.mateco.ch\/fr\/home\/"},{"@type":"ListItem","position":2,"name":"mateco Family-Day"}]},{"@type":"WebSite","@id":"https:\/\/www.mateco.ch\/fr\/#website","url":"https:\/\/www.mateco.ch\/fr\/","name":"mateco AG","description":"Ihr kompetenter Partner  rund um Arbeitsb\u00fchnen","publisher":{"@id":"https:\/\/www.mateco.ch\/fr\/#organization"},"potentialAction":[{"@type":"SearchAction","target":{"@type":"EntryPoint","urlTemplate":"https:\/\/www.mateco.ch\/fr\/?s={search_term_string}"},"query-input":{"@type":"PropertyValueSpecification","valueRequired":true,"valueName":"search_term_string"}}],"inLanguage":"fr-FR"},{"@type":"Organization","@id":"https:\/\/www.mateco.ch\/fr\/#organization","name":"mateco AG","url":"https:\/\/www.mateco.ch\/fr\/","logo":{"@type":"ImageObject","inLanguage":"fr-FR","@id":"https:\/\/www.mateco.ch\/fr\/#\/schema\/logo\/image\/","url":"https:\/\/www.mateco.ch\/wp-content\/uploads\/2026\/07\/mateco_logo-scaled.png","contentUrl":"https:\/\/www.mateco.ch\/wp-content\/uploads\/2026\/07\/mateco_logo-scaled.png","width":2560,"height":653,"caption":"mateco AG"},"image":{"@id":"https:\/\/www.mateco.ch\/fr\/#\/schema\/logo\/image\/"}}]}},"_links":{"self":[{"href":"https:\/\/www.mateco.ch\/fr\/wp-json\/wp\/v2\/pages\/11119","targetHints":{"allow":["GET"]}}],"collection":[{"href":"https:\/\/www.mateco.ch\/fr\/wp-json\/wp\/v2\/pages"}],"about":[{"href":"https:\/\/www.mateco.ch\/fr\/wp-json\/wp\/v2\/types\/page"}],"author":[{"embeddable":true,"href":"https:\/\/www.mateco.ch\/fr\/wp-json\/wp\/v2\/users\/1"}],"replies":[{"embeddable":true,"href":"https:\/\/www.mateco.ch\/fr\/wp-json\/wp\/v2\/comments?post=11119"}],"version-history":[{"count":15,"href":"https:\/\/www.mateco.ch\/fr\/wp-json\/wp\/v2\/pages\/11119\/revisions"}],"predecessor-version":[{"id":13608,"href":"https:\/\/www.mateco.ch\/fr\/wp-json\/wp\/v2\/pages\/11119\/revisions\/13608"}],"wp:featuredmedia":[{"embeddable":true,"href":"https:\/\/www.mateco.ch\/fr\/wp-json\/wp\/v2\/media\/13596"}],"wp:attachment":[{"href":"https:\/\/www.mateco.ch\/fr\/wp-json\/wp\/v2\/media?parent=11119"}],"curies":[{"name":"wp","href":"https:\/\/api.w.org\/{rel}","templated":true}]}}

<div class="hero-swiper swiper half-height swiper-maltech-style">
    <div class="swiper-wrapper">
			        <div class="swiper-slide animated-swiper-text swiper-slide-active">
					<img width="2400" height="1350" src="https://www.mateco.ch/wp-content/uploads/2026/04/maltech-Anmeldung_2400x1350px_rot.jpg" class="w-full h-full object-cover" alt="" loading="eager" decoding="async" fetchpriority="high" srcset="https://www.mateco.ch/wp-content/uploads/2026/04/maltech-Anmeldung_2400x1350px_rot.jpg 2400w, https://www.mateco.ch/wp-content/uploads/2026/04/maltech-Anmeldung_2400x1350px_rot-300x169.jpg 300w, https://www.mateco.ch/wp-content/uploads/2026/04/maltech-Anmeldung_2400x1350px_rot-768x432.jpg 768w, https://www.mateco.ch/wp-content/uploads/2026/04/maltech-Anmeldung_2400x1350px_rot-1024x576.jpg 1024w, https://www.mateco.ch/wp-content/uploads/2026/04/maltech-Anmeldung_2400x1350px_rot-1536x864.jpg 1536w, https://www.mateco.ch/wp-content/uploads/2026/04/maltech-Anmeldung_2400x1350px_rot-2048x1152.jpg 2048w" sizes="(max-width: 2400px) 100vw, 2400px" />
          <div class="padding-container">
	          <div class="m-0 w-md-75">
		          
		          
		         <div class="animated-heading" data-animate="bottom">
			                      </div>
            </div>
          </div>

        </div>
			    </div>
		  </div>


<div class="container">
  <div id="form-anker"></div>

	<h1 class="h2">mateco Family-Day</h1>

	    <div class="rich-text to-remove">
			<p>Un moment particulier approche : le 1er septembre, mateco deviendra mateco. Nous souhaitons célébrer cette occasion avec vous. C’est pourquoi le 22 août, notre site de Härkingen se transformera en un lieu de fête avec des animations pour les petits comme pour les grands. Réjouissez-vous d’une fête décontractée, riche en expériences et en surprises. Venez nous rejoindre en famille ou entre collègues, pour une journée de partage qui restera en mémoire.</p>
<p>&nbsp;</p>
<p><strong>Quand</strong><br />
samedi 22 août 2026 de 14h00 à 21h00</p>
<p class="p1"><strong>Où</strong><br />
mateco SA<br />
Russmatten 30<br />
4624 Härkingen</p>
<p class="p1"><strong>Tenue</strong><br />
Casual d’été</p>
    </div>
	
	    <div class="row mt-40">
      <div class="col">
        <div class="box-form bg-mateco_lightgrey p-40">
	        <form action="https://www.mateco.ch/fr/wp-json/ws-form/v1/submit" class="wsf-form wsf-form-canvas" id="ws-form-1" data-id="32" method="POST" data-instance-id="1"></form>        </div>
      </div>
    </div>
  
	

</div>

<title>mateco Family-Day - mateco AG</title>
<meta name="description" content="Inscription ou désinscription à Mateco Family-Day" />
<meta name="robots" content="index, follow, max-snippet:-1, max-image-preview:large, max-video-preview:-1" />
<link rel="canonical" href="https://www.mateco.ch/fr/mateco-family-day/" />
<meta property="og:locale" content="fr_FR" />
<meta property="og:type" content="article" />
<meta property="og:title" content="mateco Family-Day - mateco AG" />
<meta property="og:description" content="Inscription ou désinscription à Mateco Family-Day" />
<meta property="og:url" content="https://www.mateco.ch/fr/mateco-family-day/" />
<meta property="og:site_name" content="mateco AG" />
<meta property="article:modified_time" content="2026-04-27T15:10:57+00:00" />
<meta property="og:image" content="https://www.mateco.ch/wp-content/uploads/2026/04/maltech-Anmeldung_2400x1350px_rot.jpg" />
	<meta property="og:image:width" content="2400" />
	<meta property="og:image:height" content="1350" />
	<meta property="og:image:type" content="image/jpeg" />
<meta name="twitter:card" content="summary_large_image" />
<script type="application/ld+json" class="yoast-schema-graph">{"@context":"https:\/\/schema.org","@graph":[{"@type":"WebPage","@id":"https:\/\/www.mateco.ch\/fr\/mateco-family-day\/","url":"https:\/\/www.mateco.ch\/fr\/mateco-family-day\/","name":"mateco Family-Day - mateco AG","isPartOf":{"@id":"https:\/\/www.mateco.ch\/fr\/#website"},"primaryImageOfPage":{"@id":"https:\/\/www.mateco.ch\/fr\/mateco-family-day\/#primaryimage"},"image":{"@id":"https:\/\/www.mateco.ch\/fr\/mateco-family-day\/#primaryimage"},"thumbnailUrl":"https:\/\/www.mateco.ch\/wp-content\/uploads\/2026\/04\/maltech-Anmeldung_2400x1350px_rot.jpg","datePublished":"2025-03-05T15:04:33+00:00","dateModified":"2026-04-27T15:10:57+00:00","description":"Inscription ou désinscription à Mateco Family-Day","breadcrumb":{"@id":"https:\/\/www.mateco.ch\/fr\/mateco-family-day\/#breadcrumb"},"inLanguage":"fr-FR","potentialAction":[{"@type":"ReadAction","target":["https:\/\/www.mateco.ch\/fr\/mateco-family-day\/"]}]},{"@type":"ImageObject","inLanguage":"fr-FR","@id":"https:\/\/www.mateco.ch\/fr\/mateco-family-day\/#primaryimage","url":"https:\/\/www.mateco.ch\/wp-content\/uploads\/2026\/04\/maltech-Anmeldung_2400x1350px_rot.jpg","contentUrl":"https:\/\/www.mateco.ch\/wp-content\/uploads\/2026\/04\/maltech-Anmeldung_2400x1350px_rot.jpg","width":2400,"height":1350},{"@type":"BreadcrumbList","@id":"https:\/\/www.mateco.ch\/fr\/mateco-family-day\/#breadcrumb","itemListElement":[{"@type":"ListItem","position":1,"name":"Home","item":"https:\/\/www.mateco.ch\/fr\/home\/"},{"@type":"ListItem","position":2,"name":"mateco Family-Day"}]},{"@type":"WebSite","@id":"https:\/\/www.mateco.ch\/fr\/#website","url":"https:\/\/www.mateco.ch\/fr\/","name":"mateco AG","description":"Ihr kompetenter Partner  rund um Arbeitsbühnen","publisher":{"@id":"https:\/\/www.mateco.ch\/fr\/#organization"},"potentialAction":[{"@type":"SearchAction","target":{"@type":"EntryPoint","urlTemplate":"https:\/\/www.mateco.ch\/fr\/?s={search_term_string}"},"query-input":{"@type":"PropertyValueSpecification","valueRequired":true,"valueName":"search_term_string"}}],"inLanguage":"fr-FR"},{"@type":"Organization","@id":"https:\/\/www.mateco.ch\/fr\/#organization","name":"mateco AG","url":"https:\/\/www.mateco.ch\/fr\/","logo":{"@type":"ImageObject","inLanguage":"fr-FR","@id":"https:\/\/www.mateco.ch\/fr\/#\/schema\/logo\/image\/","url":"https:\/\/www.mateco.ch\/wp-content\/uploads\/2026\/07\/mateco_logo-scaled.png","contentUrl":"https:\/\/www.mateco.ch\/wp-content\/uploads\/2026\/07\/mateco_logo-scaled.png","width":2560,"height":653,"caption":"mateco AG"},"image":{"@id":"https:\/\/www.mateco.ch\/fr\/#\/schema\/logo\/image\/"}}]}</script>

Inscription ou désinscription à Mateco Family-Day

Ihr kompetenter Partner  rund um Arbeitsbühnen
